{"id":78,"date":"2019-03-30T21:14:33","date_gmt":"2019-03-30T20:14:33","guid":{"rendered":"http:\/\/psicotecnicosherencia.com\/?page_id=78"},"modified":"2019-03-30T21:28:52","modified_gmt":"2019-03-30T20:28:52","slug":"noticias","status":"publish","type":"page","link":"https:\/\/psicotecnicosherencia.com\/index.php\/noticias\/","title":{"rendered":"Noticias"},"content":{"rendered":"<p style=\"text-align: center;\">\r\n\t<div class=\"slideshow_container slideshow_container_style-light\" style=\"height: 247px; \" data-slideshow-id=\"64\" data-style-name=\"style-light\" data-style-version=\"2.3.1\" >\r\n\r\n\t\t\r\n\t\t<div class=\"slideshow_content\" style=\"display: none;\">\r\n\r\n\t\t\t<div class=\"slideshow_view\">\r\n\t\t\t\t<div class=\"slideshow_slide slideshow_slide_image\">\r\n\t\t\t\t\t\t\t\t\t\t\t<img src=\"https:\/\/i1.wp.com\/psicotecnicosherencia.com\/wp-content\/uploads\/2019\/05\/Puerta-de-Acceso-Piscotecnicos-Herencia.jpg?fit=900%2C249&amp;ssl=1\" alt=\"Puerta de Acceso Piscotecnicos Herencia\" width=\"900\" height=\"249\" \/>\r\n\t\t\t\t\t\t\t\t\t\t<div class=\"slideshow_description_box slideshow_transparent\">\r\n\t\t\t\t\t\t<div class=\"slideshow_title\">Puerta de Acceso Piscotecnicos Herencia<\/div>\t\t\t\t\t\t\t\t\t\t\t<\/div>\r\n\t\t\t\t<\/div>\r\n\r\n\t\t\t\t\t\t<div style=\"clear: both;\"><\/div><\/div><div class=\"slideshow_view\">\r\n\t\t\t\t<div class=\"slideshow_slide slideshow_slide_image\">\r\n\t\t\t\t\t\t\t\t\t\t\t<img src=\"https:\/\/i0.wp.com\/psicotecnicosherencia.com\/wp-content\/uploads\/2019\/03\/002.jpg?fit=900%2C247&amp;ssl=1\" alt=\"002\" width=\"900\" height=\"247\" \/>\r\n\t\t\t\t\t\t\t\t\t\t<div class=\"slideshow_description_box slideshow_transparent\">\r\n\t\t\t\t\t\t<div class=\"slideshow_title\">002<\/div>\t\t\t\t\t\t\t\t\t\t\t<\/div>\r\n\t\t\t\t<\/div>\r\n\r\n\t\t\t\t\t\t<div style=\"clear: both;\"><\/div><\/div><div class=\"slideshow_view\">\r\n\t\t\t\t<div class=\"slideshow_slide slideshow_slide_image\">\r\n\t\t\t\t\t\t\t\t\t\t\t<img src=\"https:\/\/i2.wp.com\/psicotecnicosherencia.com\/wp-content\/uploads\/2019\/03\/003.jpg?fit=900%2C247&amp;ssl=1\" alt=\"003\" width=\"900\" height=\"247\" \/>\r\n\t\t\t\t\t\t\t\t\t\t<div class=\"slideshow_description_box slideshow_transparent\">\r\n\t\t\t\t\t\t<div class=\"slideshow_title\">003<\/div>\t\t\t\t\t\t\t\t\t\t\t<\/div>\r\n\t\t\t\t<\/div>\r\n\r\n\t\t\t\t\t\t<div style=\"clear: both;\"><\/div><\/div><div class=\"slideshow_view\">\r\n\t\t\t\t<div class=\"slideshow_slide slideshow_slide_image\">\r\n\t\t\t\t\t\t\t\t\t\t\t<img src=\"https:\/\/i2.wp.com\/psicotecnicosherencia.com\/wp-content\/uploads\/2019\/03\/004.jpg?fit=900%2C247&amp;ssl=1\" alt=\"004\" width=\"900\" height=\"247\" \/>\r\n\t\t\t\t\t\t\t\t\t\t<div class=\"slideshow_description_box slideshow_transparent\">\r\n\t\t\t\t\t\t<div class=\"slideshow_title\">004<\/div>\t\t\t\t\t\t\t\t\t\t\t<\/div>\r\n\t\t\t\t<\/div>\r\n\r\n\t\t\t\t\t\t<div style=\"clear: both;\"><\/div><\/div><div class=\"slideshow_view\">\r\n\t\t\t\t<div class=\"slideshow_slide slideshow_slide_image\">\r\n\t\t\t\t\t\t\t\t\t\t\t<img src=\"https:\/\/i1.wp.com\/psicotecnicosherencia.com\/wp-content\/uploads\/2019\/03\/005.jpg?fit=900%2C247&amp;ssl=1\" alt=\"005\" width=\"900\" height=\"247\" \/>\r\n\t\t\t\t\t\t\t\t\t\t<div class=\"slideshow_description_box slideshow_transparent\">\r\n\t\t\t\t\t\t<div class=\"slideshow_title\">005<\/div>\t\t\t\t\t\t\t\t\t\t\t<\/div>\r\n\t\t\t\t<\/div>\r\n\r\n\t\t\t\t\t\t<div style=\"clear: both;\"><\/div><\/div>\r\n\t\t<\/div>\r\n\r\n\t\t<div class=\"slideshow_controlPanel slideshow_transparent\" style=\"display: none;\"><ul><li class=\"slideshow_togglePlay\" data-play-text=\"Play\" data-pause-text=\"Pause\"><\/li><\/ul><\/div>\r\n\r\n\t\t<div class=\"slideshow_button slideshow_previous slideshow_transparent\" role=\"button\" data-previous-text=\"Previous\" style=\"display: none;\"><\/div>\r\n\t\t<div class=\"slideshow_button slideshow_next slideshow_transparent\" role=\"button\" data-next-text=\"Next\" style=\"display: none;\"><\/div>\r\n\r\n\t\t<div class=\"slideshow_pagination\" style=\"display: none;\" data-go-to-text=\"Go to slide\"><div class=\"slideshow_pagination_center\"><\/div><\/div>\r\n\r\n\t\t<!-- WordPress Slideshow Version 2.3.1 -->\r\n\r\n\t\t\t<\/div>\r\n\r\n<\/p>\n<p style=\"text-align: justify;\">Este apartado est\u00e1 reservado para podernos hacer eco de las noticias, eventos, actos, etc, que quieran remitirnos las asociaciones de Herencia y comarca. Para ello, env\u00edanos por correo electr\u00f3nico el contenido de la noticia (texto, imagen, etc.) a la siguiente direcci\u00f3n de correo electr\u00f3nico:<\/p>\n<h4 style=\"text-align: center;\"><span style=\"color: #0088cc;\"><strong>psicotecnicosherencia@gmail.com<\/strong><\/span><\/h4>\n<p><img data-attachment-id=\"79\" data-permalink=\"https:\/\/psicotecnicosherencia.com\/index.php\/noticias\/orla-participa\/#main\" data-orig-file=\"https:\/\/i2.wp.com\/psicotecnicosherencia.com\/wp-content\/uploads\/2019\/03\/orla-participa.png?fit=150%2C170&amp;ssl=1\" data-orig-size=\"150,170\" data-comments-opened=\"1\" data-image-meta=\"{&quot;aperture&quot;:&quot;0&quot;,&quot;credit&quot;:&quot;&quot;,&quot;camera&quot;:&quot;&quot;,&quot;caption&quot;:&quot;&quot;,&quot;created_timestamp&quot;:&quot;0&quot;,&quot;copyright&quot;:&quot;&quot;,&quot;focal_length&quot;:&quot;0&quot;,&quot;iso&quot;:&quot;0&quot;,&quot;shutter_speed&quot;:&quot;0&quot;,&quot;title&quot;:&quot;&quot;,&quot;orientation&quot;:&quot;0&quot;}\" data-image-title=\"orla participa\" data-image-description=\"\" data-medium-file=\"https:\/\/i2.wp.com\/psicotecnicosherencia.com\/wp-content\/uploads\/2019\/03\/orla-participa.png?fit=150%2C170&amp;ssl=1\" data-large-file=\"https:\/\/i2.wp.com\/psicotecnicosherencia.com\/wp-content\/uploads\/2019\/03\/orla-participa.png?fit=150%2C170&amp;ssl=1\" loading=\"lazy\" class=\"aligncenter size-full wp-image-79\" src=\"https:\/\/i2.wp.com\/psicotecnicosherencia.com\/wp-content\/uploads\/2019\/03\/orla-participa.png?resize=150%2C170\" alt=\"\" width=\"150\" height=\"170\" data-recalc-dims=\"1\" \/><\/p>\n<p>&nbsp;<\/p>\n","protected":false},"excerpt":{"rendered":"<p>Este apartado est\u00e1 reservado para podernos hacer eco de las noticias, eventos, actos, etc, que quieran remitirnos las asociaciones de Herencia y comarca. Para ello, env\u00edanos por correo electr\u00f3nico el <a class=\"more-link\" href=\"https:\/\/psicotecnicosherencia.com\/index.php\/noticias\/\">Continuar Leyendo \u2192<\/a><\/p>\n","protected":false},"author":2,"featured_media":0,"parent":0,"menu_order":6,"comment_status":"closed","ping_status":"closed","template":"","meta":{"spay_email":""},"jetpack_sharing_enabled":true,"jetpack_shortlink":"https:\/\/wp.me\/PaR2RI-1g","jetpack-related-posts":[{"id":83,"url":"https:\/\/psicotecnicosherencia.com\/index.php\/contacto\/","url_meta":{"origin":78,"position":0},"title":"Contacto","date":"30 marzo, 2019","format":false,"excerpt":"Puedes contactar con nosotros llamando al tel\u00e9fono: 623 16 40 35 O bien a trav\u00e9s del correo electr\u00f3nico a la direcci\u00f3n: psicotecnicosherencia@gmail.com","rel":"","context":"Entrada similar","img":{"alt_text":"","src":"","width":0,"height":0},"classes":[]},{"id":35,"url":"https:\/\/psicotecnicosherencia.com\/","url_meta":{"origin":78,"position":1},"title":"Bienvenidos a Psicot\u00e9cnicos Herencia","date":"30 marzo, 2019","format":false,"excerpt":"Psicot\u00e9cnicos Herencia,\u00a0Centro Oficial de Reconocimiento M\u00e9dico de Conductores y Cazadores Autorizado por la Direcci\u00f3n General de Tr\u00e1fico (N\u00ba CR-0083) \u00bfQu\u00e9 hacemos?. Reconocimientos m\u00e9dicos para\u00a0conductores y cazadores. Pr\u00f3rrogas, renovaciones, primera obtenci\u00f3n, etc. Todos los permisos y licencias de\u00a0conducir y armas. Tambi\u00e9n reconocimientos para los permisos y licencias de\u00a0gr\u00faas, tenencia de\u00a0animales potencialmente\u2026","rel":"","context":"Entrada similar","img":{"alt_text":"","src":"https:\/\/i1.wp.com\/psicotecnicosherencia.com\/wp-content\/uploads\/2019\/03\/Certificados-Herencia-900.jpg?resize=350%2C200","width":350,"height":200},"classes":[]}],"_links":{"self":[{"href":"https:\/\/psicotecnicosherencia.com\/index.php\/wp-json\/wp\/v2\/pages\/78"}],"collection":[{"href":"https:\/\/psicotecnicosherencia.com\/index.php\/wp-json\/wp\/v2\/pages"}],"about":[{"href":"https:\/\/psicotecnicosherencia.com\/index.php\/wp-json\/wp\/v2\/types\/page"}],"author":[{"embeddable":true,"href":"https:\/\/psicotecnicosherencia.com\/index.php\/wp-json\/wp\/v2\/users\/2"}],"replies":[{"embeddable":true,"href":"https:\/\/psicotecnicosherencia.com\/index.php\/wp-json\/wp\/v2\/comments?post=78"}],"version-history":[{"count":2,"href":"https:\/\/psicotecnicosherencia.com\/index.php\/wp-json\/wp\/v2\/pages\/78\/revisions"}],"predecessor-version":[{"id":86,"href":"https:\/\/psicotecnicosherencia.com\/index.php\/wp-json\/wp\/v2\/pages\/78\/revisions\/86"}],"wp:attachment":[{"href":"https:\/\/psicotecnicosherencia.com\/index.php\/wp-json\/wp\/v2\/media?parent=78"}],"curies":[{"name":"wp","href":"https:\/\/api.w.org\/{rel}","templated":true}]}}